or of 56 and d.
14
Let j be (42 + (12 - 8))/(2/3). Suppose -5*x - 50 = -65. Calculate the greatest common divisor of x and j.
3
Suppose -5*t + b = -2*b - 1092, 428 = 2*t + b. Suppose -4*m - 5*i + 220 = m, 5*m - t = -4*i. Let x = -479 - -679. What is the greatest common factor of m and x?
40
Let r be -3 - (69/6)/(4/(-40)). Let z = -384 + 440. What is the highest common factor of r and z?
56
Suppose -6*n + 3*n + 24 = 0. Let a = 6 - 217. Let v = 243 + a. What is the highest common factor of n and v?
8
Let u be 9/4*-162*(-8)/12. Suppose 11*t = u + 582. Calculate the greatest common divisor of 25 and t.
25
Suppose 0 = -s - 81 - 52. Let p be (-869)/(-5) + (4 - s/(-35)). What is the highest common factor of p and 29?
29
Suppose -11*c = -8*c, -5*b - 4*c + 1485 = 0. Let f be 7/(35/10)*b/6. Let a be ((-1)/(-3))/(2/54). Calculate the greatest common divisor of f and a.
9
Let z be 250 + 3 + -2 + (-9)/3. Suppose 9*v - v = z. Calculate the greatest common factor of 124 and v.
31
Suppose -298 - 602 = -5*s. Suppose 15*u = 11*u - s. Let k be u/(-6)*((-52)/(-12) + -3). What is the highest common divisor of 15 and k?
5
Suppose 3*f = 41*f - 5206. Suppose 0*g - g - 3*w = 58, 0 = -g - w - 52. Let v = g + f. Calculate the greatest common factor of 11 and v.
11
Suppose 5*i - 4*r - 126 = -0*i, 5*i - 122 = 3*r. Suppose 15*p - i*p + 8988 = 0. Calculate the highest common factor of p and 12.
12
Let v = 13870 + -13214. What is the greatest common factor of 41 and v?
41
Suppose 0 = 2*t - 5*o - 26, -3*o = -2*t + 21 - 3. Suppose 5*y = -3*u + 188, 4*u - u = -t*y + 192. Calculate the highest common factor of 6 and u.
6
Suppose 0 = -5*b + 2*m + 389 - 363, -4*b = -m - 22. Calculate the highest common divisor of 54 and b.
6
Let n(w) = 15*w + 1592. Let a be n(-101). Calculate the highest common divisor of a and 4081.
77
Let v(c) = 6*c - 5 + c**2 - 3 + 16*c. Let m be v(-19). Let d = -29 - m. What is the greatest common divisor of d and 396?
36
Let x(w) = 2*w**2 + w - 484. Let i be x(-36). What is the greatest common factor of 112 and i?
56
Let d be (-15732)/(-18) + 25 - (-33)/3. What is the highest common factor of d and 28?
14
Let s be ((-38)/(-4))/((-17)/(-3332)). What is the highest common divisor of 76 and s?
38
Let j be ((-202)/8)/((-31)/(-7068))*(-2)/3. Calculate the greatest common divisor of 38 and j.
38
Let g(u) = 3*u**3 + 23*u**2 + 32*u - 26. Let r be g(-5). Suppose 4*z + 46 = 7*z + a, -z = 5*a - 34. Calculate the greatest common divisor of z and r.
14
Let v = -8616 + 8677. Calculate the highest common factor of v and 9943.
61
Suppose 5*v = k + 10, 0*k - k + 10 = 5*v. Suppose v*o - 66 = o. Suppose 2*u + 0*u = 44. What is the highest common factor of u and o?
22
Suppose -4*k = 3*h - 537, 2*k - 1 + 13 = 0. What is the highest common factor of 22 and h?
11
Suppose 0 = 3*l + 3*w + 65 + 409, 5*l + 796 = -3*w. Let k = -97 - l. What is the greatest common divisor of 160 and k?
32
Suppose -1246 = -2*v - 2*y, 2*y = -3*v + 7*y + 1829. Calculate the highest common factor of v and 3502.
206
Suppose 0*s + 77 = s. Let c = -118 - -114. Let p be (1/c)/(32/(-896)). What is the highest common divisor of p and s?
7
Let u(w) = w**2 + 1. Let j be u(-1). Suppose 12 = j*n + n, y - 5*n = -333. Let v = -211 - y. What is the highest common factor of 68 and v?
34
Let o(x) = -48*x + 6. Let a be o(-10). Let t = 12272 - 12218. What is the greatest common divisor of a and t?
54
Let n(u) = 74*u + 10300. Let w be n(-139). Calculate the greatest common factor of w and 3997.
7
Let h(o) = -3*o + 7. Let i be h(-7). Suppose 31 = v + i. Suppose 0*y = v*y - 66. What is the highest common factor of 55 and y?
11
Let s = -4 - -19. Let p(m) = -m**2 + 17*m - 61. Let d be p(14). Let g = d - -29. What is the highest common factor of s and g?
5
Let j = -358 - -409. Suppose 120 = 3*n - 5*m, -7*n = -6*n + 2*m - j. Calculate the greatest common factor of n and 180.
45
Suppose 4*k + 123 = -3*t - 189, t = k + 85. Let z = 14 - k. Calculate the highest common divisor of z and 133.
19
Let x = -17772 - -18418. Calculate the greatest common divisor of 3534 and x.
38
Let t be (-6)/(-14) - ((-12124)/(-49) + -7). Let u = t - -294. What is the greatest common factor of u and 81?
27
Suppose -41*i - 784 = -91*i + 36*i. What is the highest common divisor of 3962 and i?
14
Suppose 169 = 3*z + 4*n, -14 = -z + 4*n + 69. Let j = -260096 - -260369. Calculate the highest common divisor of z and j.
21
Let v = 4949 - 3211. Calculate the highest common divisor of 237 and v.
79
Let g be (-516)/(-387)*((-159)/(-4) - 3). What is the greatest common factor of 9359 and g?
49
Let j = -4404 + 4511. Calculate the greatest common factor of j and 107.
107
Let x be 156/260 + (-2)/5 - (-839)/5. Calculate the highest common divisor of x and 3192.
168
Let w be (-13 + 14)/((-1)/(-13)). Let h(j) = j**3 - 11*j**2 + 10*j + 1. Let b be h(10). What is the greatest common factor of b and w?
1
Let p(k) = 47*k**3 - 3*k**2 + 4*k - 3. Let w be (-46)/92 + 5/2. Let b be p(w). Calculate the highest common divisor of 82 and b.
41
Suppose -11*a + 9918 = 14*a - 19*a. Calculate the greatest common factor of 969 and a.
57
Let f be 2 - (0 - (0 - -2))*1. Suppose -6*l + 2*c - 87 = -9*l, f*l - c - 105 = 0. Calculate the highest common divisor of 18 and l.
9
Suppose 2*t + 2 = z, -20*z + 24*z = -5*t + 99. What is the highest common divisor of z and 35?
1
Let g be (-2)/1 - (-34 + 10). Let o(i) = -7*i**2 + 1584. Let l be o(0). Calculate the greatest common divisor of l and g.
22
Suppose 14412 = 314*z - 311*z - 4*o, 0 = 3*z - 2*o - 14406. What is the highest common factor of z and 16?
16
Let g = -2056 + 2144. Let l be 8/(-48) - (-13)/6. Suppose -l*p + 2 = -20. Calculate the greatest common divisor of p and g.
11
Let t be (-55)/88 - 224100/(-160). What is the highest common divisor of t and 56?
56
Let a be -110 + 298 - (-1 + 0 - -14). Calculate the highest common divisor of 1100 and a.
25
Suppose 5239 = 76*n - 24315 + 3410. What is the highest common divisor of n and 40?
8
Let f be 1/2 - (15/(-6) - 5). Suppose 32*r - 768 = f*r. Calculate the highest common factor of 64 and r.
32
Let y(h) = 2*h - 12. Let j be y(13). Let u be j/2 + -6 + 5. Let g be 15 + 3 + -2 + -4. What is the greatest common factor of g and u?
6
Let w(f) be the second derivative of f**5/20 - 4*f**4 + f**3/2 - 99*f**2/2 - 9*f + 1. Let x be w(48). Calculate the highest common factor of 117 and x.
9
Suppose -10*z - 225 + 1105 = -140. Calculate the greatest common factor of 4539 and z.
51
Let v(n) = -9*n**3 - 5*n**2 + 8*n + 4. Let g be v(3). Let o be (-21)/6*g/70. Calculate the greatest common factor of 234 and o.
13
Let m(c) = 5*c**2 - 28*c - 94. Let s be m(-4). Calculate the highest common factor of s and 2.
2
Let f be 18/81 - (231897/(-27) + 0). Calculate the greatest common divisor of 21 and f.
21
Let b(n) = 30*n - 2. Let z = -193 + 196. Let x be b(z). Calculate the highest common factor of 33 and x.
11
Let o(b) be the first derivative of -2*b**3/3 + 5*b**2 + 12*b + 12. Let x be o(6). Suppose -7*u + 6*u + 9 = x. Calculate the greatest common factor of 3 and u.
3
Let r(s) = -65 + 143 + 85 + 6*s - 9*s + 16*s. Let y be r(-11). Calculate the highest common divisor of y and 130.
10
Let j be 36/33 + 190900/1265. Calculate the highest common divisor of j and 8.
8
Let q = -2194 + 2954. What is the greatest common divisor of q and 160?
40
Let j(f) = 3*f**2 - 2*f + 4. Suppose -8*u + 3*c - 19 = -4*u, 3*u - 5*c + 17 = 0. Let r be j(u). Calculate the highest common divisor of 120 and r.
60
Let m be (3 - 30/2)*30/(-45). Suppose 5*a + 548 = 10*t - m*t, -t + 2*a + 275 = 0. Calculate the greatest common factor of t and 31.
31
Let k(f) = -215*f - 767. Let u be k(-4). What is the highest common divisor of u and 155?
31
Suppose 17*i - 102 = -17. Suppose -5*d - 2*h = -48, -i*h + 15 = 14*d - 12*d. What is the highest common divisor of 230 and d?
10
Let l(a) = -1050*a - 628. Let q be l(-11). Calculate the greatest common factor of 86 and q.
86
Let v be (-54)/(-12)*(-3 - -7). Suppose 13*i + 310 = v*i. Calculate the highest common factor of 31 and i.
31
Suppose 0 = 10*d - 57*d + 2491. What is the highest common factor of d and 583?
53
Let v(n) = -n**3 - 13*n**2 + 11*n + 30. Let q be v(-14). Let o be 177/5 - (-6)/10. Calculate the highest c